2)*(n + -9)?
3, 5
Let m = 21 + -8. Suppose m = -5*x + 88. What are the prime factors of x?
3, 5
Let s be ((-2)/6)/(2/(-12)). Let p = s + 1. List the prime factors of p.
3
Let c = 1 + 2. Suppose -3*q = -4*z - 3, c*z + 2*q - 19 = -0*q. Suppose w + 34 = z*w. What are the prime factors of w?
17
Suppose 1264 = -41*i + 45*i. List the prime factors of i.
2, 79
List the prime factors of (3/3)/((-1)/(-33)).
3, 11
Let x be 10/(-8) + 2/8. Let a be 0 + (2 + x - -4). Suppose a*p + 4*j = 40, -6*p = -4*p + 3*j - 9. List the prime factors of p.
2, 3
Let x(b) = b**2 + b. Let z(t) = -5*t**3 + 2*t**2 - 1. Let k be z(1). Let j be x(k). Suppose 9 = -2*p - 5*o, 3*o - 2*o = -5*p + j. List the prime factors of p.
3
Suppose -33*b - 78 = -35*b. What are the prime factors of b?
3, 13
Let n(d) = -d**2 - d + 2. Let u be n(0). Suppose u*w - 4*a - 42 = -w, 4*w - 37 = -a. What are the prime factors of w?
2, 5
Suppose -q = -5*p + 4*q + 215, 0 = -5*p - 4*q + 224. List the prime factors of p.
2, 11
List the prime factors of (5 + 0)/(2/62).
5, 31
Let p be (4 + -2 - 5) + 13. Let s = p - 5. List the prime factors of s.
5
Let m = 46 - 108. Let d = -42 - m. List the prime factors of d.
2, 5
Suppose -r + 5*m = -2*r + 84, 3*r - 218 = 2*m. List the prime factors of r.
2, 37
Suppose 5*d = 2*o + 3*d + 10, 5*o = 2*d - 10. Let g = 4 + o. What are the prime factors of g?
2
Let k be (-1)/(-3)*-1*-9. Let y(b) = 4*b + 2. List the prime factors of y(k).
2, 7
Let p(a) = -a**2 + 10*a + 2*a**2 - 2*a**2 - 10 + 2*a**2. Let k be p(-11). List the prime factors of 15/9*(4 - k).
5
Suppose s = 5 - 9. List the prime factors of (-2 - -1)*(s + 1).
3
Let v be 4/(-4) - 5/1. Let u = v + 5. List the prime factors of (8/12)/(u/(-21)).
2, 7
Let i(a) = a**2 + 16*a + 3. What are the prime factors of i(-16)?
3
What are the prime factors of 69/3*7*1?
7, 23
Let b(f) = 1 + 0 - 2*f - 3 - f. Let l be b(-4). List the prime factors of ((-8)/10)/((-1)/l).
2
Let s = 40 - 30. What are the prime factors of s?
2, 5
Let h be 9/36 + (-11)/(-4). Suppose -4*k + 0 = -h*x + 12, -12 = -4*k. What are the prime factors of x?
2
Suppose 5*o - 417 - 53 = -5*d, 98 = d - 3*o. List the prime factors of d.
5, 19
Let u(c) = c**3 - 5*c**2 - 9*c - 9. Let y be u(7). Suppose -2*h - i = 3*h - y, -2*h = -3*i - 7. Suppose -h*w + 12 = -4*w. List the prime factors of w.
2, 3
Let s = -5 + 8. Suppose s*i - 8 = -i. Let d = 0 + i. List the prime factors of d.
2
Suppose 9*q + 30 = 4*q. Let t = -10 - q. Let y = t - -23. List the prime factors of y.
19
Let q(b) = b - 6. Let r be q(9). Suppose 0*f + f + r*k - 3 = 0, 0 = -4*f - 4*k + 20. Let a = f - 0. List the prime factors of a.
2, 3
Suppose 14 = -3*d - 10. Let x be 1/4*9*d. List the prime factors of (x/5)/(4/(-10)).
3
Let s(x) = -4*x - 9. List the prime factors of s(-8).
23
Suppose -2*t - 11 = -35. Let l be 1/(((-3)/8)/(-3)). Let w = t + l. What are the prime factors of w?
2, 5
Let d = 57 - 33. What are the prime factors of d?
2, 3
Let d be ((-3)/2 + -1)*2. Let p(z) = -z + 0*z + 5 - 1 - 2. List the prime factors of p(d).
7
Let z = 24 - 9. Let k = z + -10. Suppose -k*y + 2*g + 18 = 0, -3 = y - 2*g - 13. What are the prime factors of y?
2
Suppose 0*t = 3*c + 4*t, 3*t = -c. Suppose c = u - 3*u - 2. Let r = u - -16. List the prime factors of r.
3, 5
Let b = 36 + -23. List the prime factors of b.
13
Let m = 11 + -8. Let g = -8 + 3. Let r = m - g. List the prime factors of r.
2
Suppose 4*r - r = 9. Let k = r + 21. What are the prime factors of k?
2, 3
Let f = 3 - 0. Suppose 14 = 5*u - 1. Suppose 36 = u*t + f. List the prime factors of t.
11
Let r = 11 + 7. List the prime factors of 2/(-12) - (-669)/r.
37
Suppose -3*w + w = -256. Let i = w + -88. List the prime factors of i.
2, 5
Suppose 5*t + 9 = -66. Let c = -4 - t. List the prime factors of c.
11
Let z = -3 + 3. Let w(f) = -f**2 + 8*f - 7. Let o be w(6). Suppose -o*l = -z*l - 35. List the prime factors of l.
7
Let s = 12 + -10. Suppose -3*k + 4 = -2*k. Suppose 4*w + s*g - 30 = 0, -5*g - 16 + 7 = -k*w. List the prime factors of w.
2, 3
List the prime factors of 177 - (-6 - -3)*1.
2, 3, 5
Suppose -b = -4*b. Suppose b = n - 8 - 4. What are the prime factors of n?
2, 3
Let w = 11 + 45. List the prime factors of w.
2, 7
Let o(y) = -2*y. Suppose 2*c = 4*c + 10. Let v be o(c). Suppose -4*i + 5*l + v + 21 = 0, -15 = -3*i + l. What are the prime factors of i?
2
Let j = -8 + 15. Suppose -4*x - 2*h = -80, 4*x + j*h - 86 = 2*h. List the prime factors of x.
19
Suppose w + 2*w = -66. Let o be (-8)/44 + (-4)/w. Suppose -4*t = -o*t - 20. List the prime factors of t.
5
What are the prime factors of (-936)/(-12)*2/4?
3, 13
Let k(j) = j + 2. Let i be k(-4). Let b = i - -5. Suppose 4*c = -5*q + 64, -b*q + c + 47 = 12. What are the prime factors of q?
2, 3
Let p be 5/2*12/15. Suppose -p*t = 2*t + 32. Let k = 15 + t. List the prime factors of k.
7
Suppose 4*r + 95 = -r. Let n = r + 37. List the prime factors of n.
2, 3
Suppose 3*t - 127 = -4*g + 13, -95 = -3*t + 5*g. Suppose 5*c = -0*c + t. List the prime factors of c.
2
Let r(t) = t**2 + 10*t + 9. Let d be r(-9). Suppose d*b - 106 = -2*b + i, -5*b + 264 = -3*i. List the prime factors of b.
2, 3
Let k(l) = l**2 - 12*l. What are the prime factors of k(15)?
3, 5
Let u(i) = 13*i**2 + i + 1. Let c(g) = -g + 2. Let t be c(3). List the prime factors of u(t).
13
Let s = 3 - 3. Let p = s + 4. Suppose -39 = -p*q + i - 1, -3*q + i = -28. List the prime factors of q.
2, 5
What are the prime factors of 13/((-3)/((-18)/2))?
3, 13
Let t = -9 + 39. What are the prime factors of t?
2, 3, 5
Let d(w) = w**2 + w - 4. Suppose -3*b + 10 = -4*n, 0 = b + 3*n + 1 - 0. Suppose -b*r = -0 + 8. What are the prime factors of d(r)?
2
Suppose 2*g = -0 + 4. Suppose -g*r - 51 = -5*r. What are the prime factors of r?
17
Let b = 3 + 1. Suppose -b*v = 4*u - 5 + 1, 5*u - 50 = 4*v. Suppose 0 = 5*f - u*j + j - 65, -2*f - 2*j = -18. List the prime factors of f.
11
Suppose w + 70 = -3*n + 23, -4*w - 164 = 4*n. Let a = w - -56. What are the prime factors of a?
2, 3
Suppose 100 = -4*f - 16. Let x = f + 45. What are the prime factors of x?
2
Let s(f) be the first derivative of -23*f**4/4 + f**3/3 + f**2/2 + f - 1. What are the prime factors of s(-1)?
2, 3
Let h(d) = -8*d + 11*d + 5*d + d**2 + d + 13. Let s = -16 - -7. List the prime factors of h(s).
13
Let h(d) = -10*d - 1. Let l be h(-2). Suppose -2*f + l + 3 = 0. Suppose 0 = u + 5, -3*r - 5*u = -0*r - f. List the prime factors of r.
2, 3
Let k = -82 - -170. List the prime factors of k.
2, 11
Let f(j) = 86*j**2 - j. List the prime factors of f(1).
5, 17
Suppose -1 - 1 = -2*v. Suppose -r = -9 - v. What are the prime factors of r?
2, 5
Suppose 5*o = 3*n - 6*n + 303, -2*o + 125 = 5*n. What are the prime factors of o?
2, 3, 5
Let v(y) = 3 - 4*y + 6*y - y. List the prime factors of v(9).
2, 3
Let j = -8 + 5. Let o = 5 + j. Suppose 0 = a - 5*m - 32, -4 = 3*m - o*m. What are the prime factors of a?
2, 3
Suppose -2*k = 4*c - 514 - 30, 4*c - 2*k = 560. List the prime factors of c.
2, 3, 23
Suppose c = 6 + 1. What are the prime factors of 8/28 + 201/c?
29
Let i = -62 - -71. What are the prime factors of i?
3
Suppose 3*p = 2*p + 124. Let z = p + -62. Suppose 4*f - z = -5*w, 3 = 2*w - 5*f - 2. List the prime factors of w.
2, 5
Let c be 0/(-2 + 9/3). Let x be -3 - (c + -159) - 1. What are the prime factors of x/10 - (-2)/(-4)?
3, 5
Let u be (6/(-4))/((-3)/4). Suppose -5*b = 5*n - 190, -2*b - u*b + 160 = -4*n. List the prime factors of b.
3, 13
Suppose -3*v + 149 = 2*f, 4*f - 2*v - 107 - 183 = 0. List the prime factors of f.
73
Let h(r) = r + 16. Suppose -q = 2*j + 28, -j + 36 = -3*j - 3*q. Let n be h(j). Suppose 2*l = -4*b + 18, -n*b = l - b - 6. What are the prime factors of l?
3, 5
Suppose 0 = -2*b + 5*p + 691, -5*b - 326 + 2042 = -p. What are the prime factors of b?
7
Suppose 4*r - 31 = -7. Let q(b) be the third derivative of -b**6/120 + b**5/12 + b**4/3 - b**3 - 2*b**2. List the prime factors of q(r).
2, 3
Let i = 428 + -289. What are the prime factors of i?
139
Let k = 119 + -20. List the prime factors of k.
3, 11
Suppose 0 = 3*b + 4*u + u + 89, 0 = 5*b + 4*u + 131. Let j = -9 - b. List the prime factors of j.
2, 7
Let c = 7 + 2. Suppose 4*h - 3*r - 4 - c = 0, -r = 3*h. Suppose -3 = -d + h. List the prime factors of d.
2
Suppose 